 What is the highest common factor of s and 14580?
243
Let t(s) = -s**3 + 27*s**2 - 144*s. Let y be t(19). Let n be (-4)/(1 - 3) - -1. Suppose -y = -n*j - 5*j. What is the highest common divisor of j and 57?
19
Let x = -519 + 1005. Let c = 345580 + -345526. What is the highest common divisor of c and x?
54
Let h be 168/(-252)*89433/(-6). What is the highest common factor of h and 38?
19
Let l be -5 - (0 + -6 + -568 + 10). What is the greatest common divisor of 387 and l?
43
Let j(o) = -318*o - 869. Let b be j(-3). Calculate the highest common divisor of 17 and b.
17
Suppose -10*x + 13*x - 39 = 0. Let v(o) = o - 98. Let n be v(0). Let w be (13/2)/((-7)/n). Calculate the greatest common factor of w and x.
13
Let w = -3594 - -3720. What is the greatest common factor of w and 238?
14
Let y(d) be the first derivative of -51*d**2 + 6*d + 18. Let r be y(1). Let t be 6/15 - r/10. What is the highest common divisor of t and 20?
10
Let z be (0 - (2 - 0))/(8/(-728)). Let b = z - 119. Suppose -b = 75*i - 78*i. Calculate the greatest common factor of i and 21.
21
Suppose -20 = l - 252. Suppose 0*g + 772 = -a + 2*g, -5*g = -a - 784. Let j = -735 - a. What is the highest common factor of l and j?
29
Let c = 858 + -783. What is the greatest common factor of 645 and c?
15
Suppose -190*t + 185*t + l = -6033, 4*t = l + 4825. What is the highest common factor of 16 and t?
8
Let k = -2956 + 4009. What is the greatest common factor of 273 and k?
39
Suppose 0 = -558*n + 23493 + 12219. Suppose -5*h + 226 = -14. What is the highest common divisor of n and h?
16
Let w(v) = v**3 + v**2 + v + 30. Let x be w(0). Suppose 596*b - 74658 = 250870 + 85712. What is the greatest common factor of b and x?
30
Let i(h) = 4*h**2 - 31*h - 37. Let s be i(14). Let r = s + -178. Calculate the highest common divisor of r and 15.
15
Suppose 4*x - 2*x = 228. Let n(l) = -27*l + 300. Let z be n(9). What is the highest common factor of x and z?
57
Let p be -15*(-45 - (-3388)/84). Let t = -20 + 48. What is the greatest common factor of p and t?
14
Suppose 312 = 3*i - 45. What is the greatest common divisor of 272 and i?
17
Let o = -6550 - -6557. What is the greatest common factor of 9037 and o?
7
Suppose -3*g + q = 135 - 1146, -2*g + 660 = 4*q. Calculate the highest common factor of 273 and g.
21
Let s = -10611 - -10962. What is the greatest common factor of s and 1?
1
Let x(d) be the second derivative of 1/6*d**3 - 6*d + 0 + 1/12*d**4 - 1/2*d**2. Let w be x(4). Calculate the greatest common divisor of w and 76.
19
Let l be (-11)/2*(-10 - 2). Let s = -27 + l. Suppose -20*h + 3407 = -2786 + 733. What is the greatest common divisor of h and s?
39
Let m be (1575/84)/((-1)/(-4)). Let s = m + -62. Suppose 0 = -s*b + 18*b - 1350. What is the greatest common factor of 10 and b?
10
Suppose -2*s + 72 + 12 = i, 4*s + 5*i = 162. Let n = s + -25. Let x = -4 + n. Calculate the highest common factor of 7 and x.
7
Let d be 2/8 + 287/4. Let i(j) = -48*j - 44. Let o be i(-1). Suppose n = 3*m - 24, -32 = -o*m - n - 2*n. Calculate the greatest common factor of m and d.
8
Let a(i) = -47*i + 9. Let k be a(-1). Let q be k/7 - 230*-1. Suppose 0*m - 4*m = -136. Calculate the highest common factor of q and m.
34
Let p = 31 - 15. Suppose 5*v + 87 - 117 = 0, 102 = 5*y - 3*v. Calculate the highest common factor of y and p.
8
Let w(f) = -27*f**2 + 38*f - 22. Let n be w(6). Let z = 9 - n. What is the highest common divisor of 25 and z?
25
Let n = -18365 - -18384. Calculate the highest common divisor of n and 893.
19
Let p be ((-24)/(-44))/(16/8888). Calculate the highest common factor of 4646 and p.
101
Let r be ((-1)/2*2)/(3/15). Let t be (-22 - 2)*r/10. Suppose 0 = -4*l + 377 + 151. Calculate the greatest common divisor of l and t.
12
Suppose 2*s + 122 = 5*q, -8*s = 112*q - 114*q + 56. Let v = -5 + 5. Suppose v*j - 80 = -5*j. What is the highest common divisor of j and q?
8
Let f = 533 + -536. Let j(r) = 31*r**2 + 52*r + 149. Let w be j(f). Calculate the highest common divisor of w and 16.
16
Suppose -9*y = -2*y - 56. Suppose 1034 = 3*u + y. Suppose -2*x + 217 = -5*o, o + u = 3*x - o. What is the greatest common factor of x and 29?
29
Let a be (1 - 9/(-18))*4/3. Let m(y) = 16*y**2 + 2*y - 1. Let b be m(3). Suppose -235 = -a*i + b. Calculate the highest common factor of i and 32.
32
Let q be 204/72 - 6/(-36) - -954. Calculate the greatest common divisor of q and 132.
33
Let o be 181 - (16 + -12 + 7/(-1)). Calculate the highest common factor of 1056 and o.
8
Let d(f) = -f**3 + 4*f**2 - 2*f + 2. Let c be d(3). Suppose -156 = -c*z + 3*z. Let s = 190 - z. Calculate the highest common divisor of 16 and s.
16
Let u(m) = -3*m - 8. Let b be u(-3). Let r = 31 + -12. Suppose 4*h + 15 = r. Calculate the greatest common divisor of b and h.
1
Suppose 4*y = 6*y + 20. Let i be (y - 20/(-4))*(2 - 24). Calculate the greatest common divisor of 275 and i.
55
Let x be (-1)/(6/4)*-6. Let z(n) = 7*n - 17. Let l be z(7). Suppose 3*k - x*r = -k + 92, k = -2*r + l. Calculate the highest common factor of 52 and k.
26
Let v = -2999 + 3159. Suppose 14 = 3*k - 16. What is the highest common divisor of v and k?
10
Let n = 14616 - 14603. Calculate the highest common divisor of 4537 and n.
13
Let g be (-1004)/(-10) + -2 + (-64)/(-40) + 0. Calculate the highest common factor of g and 164.
4
Suppose -22*z + 5 + 47 = -410. What is the highest common factor of z and 243?
3
Suppose -6 = 2*s, 2*x - 5*x - 9 = -2*s. Let j be 9 + x - 74/2. Let p = 51 + j. What is the greatest common divisor of 126 and p?
18
Let t = 50 - 0. Suppose -s - 387 = -2*s - 4*c, -s = -c - 372. Suppose 13*x + s = 16*x. What is the greatest common factor of x and t?
25
Suppose -14*s - 27*s = 82. Let h be (-1)/s - (-3)/((-24)/(-2660)). Calculate the highest common divisor of h and 37.
37
Let q = -178 - -237. Let b(x) = -x**3 + 7*x**2 + 7. Let u be b(5). Suppose q*p - u*p = 18. What is the greatest common factor of p and 9?
9
Let y(q) = 285*q + 102. Let u(t) = -22*t - 8. Let k(l) = -27*u(l) - 2*y(l). Let b be k(4). What is the highest common factor of 252 and b?
36
Suppose 2*g = -3*h - 2*g + 2, h - 4 = 2*g. Let d be 183/6 - h - 6/(-12). Let f = d - 12. What is the greatest common divisor of f and 170?
17
Let i be ((-12)/5)/((-4)/210). Suppose 60*y - 380*y = -4480. Calculate the highest common divisor of i and y.
14
Suppose -3*h - 95 = -6*h + x, 5*x + 25 = 0. Suppose -5*f + 6*l = 4*l - 73, -3*f + 3*l + 42 = 0. What is the greatest common divisor of f and h?
15
Suppose 124 = -39*a + 319. Suppose 11*t - 3198 = a*t. Calculate the highest common divisor of 13 and t.
13
Let h = -39 - -39. Suppose h = -7*i + 372 - 99. Calculate the greatest common divisor of 975 and i.
39
Let t = 36 - 3. Let j = -819 + 1842. Calculate the highest common factor of j and t.
33
Let l = -2748 + 2760. Calculate the greatest common divisor of 123 and l.
3
Let q(u) = u**2 - 7*u + 232. Let d be q(0). Suppose -4*n + 77 + 195 = 5*j, d = 4*j - 4*n. Calculate the highest common factor of j and 24.
8
Let o(i) = -i**2 + 15*i - 37. Let b(d) = -d**3 + 6*d**2 + 2*d - 8. Let a be b(6). Let g be o(a). What is the highest common factor of 14 and g?
7
Let x = -13134 + 13341. Calculate the highest common divisor of x and 759.
69
Suppose 5 = -23*h + 1983. What is the highest common factor of h and 1849?
43
Let s be ((-4)/(-5))/((-1)/(-5)). Suppose 0 = -5*q + 427 - 862. Let z = q - -119. Calculate the greatest common divisor of z and s.
4
Let p = 5402 - 4691. Let z = 170 - 12. What is the highest common divisor of z and p?
79
Let u be (-4)/(-74) + 533780/2405. What is the greatest common divisor of u and 1073?
37
Suppose 5*b = -4*d + 294 - 21, b - 70 = -d. What is the highest common divisor of 13321 and d?
77
Let z(w) = w + 16. Let f be z(-11). Suppose 757 + 263 = f*p. Calculate the highest common factor of p and 17.
17
Suppose 4*p + 4 = 2*o + 32, -2*o - 2*p = 28. Suppose h + 18 = -u, -2*u - 35 + 89 = -3*h. Let y = o - h. What is the highest common factor of 20 and y?
4
Let k = 4449 + -4269. Calculate the greatest common divisor of 300 and k.
60
Let y = 414 + -404. Let h be y/((-50)/(-8) + -6). Let k be (-17)/(-2) + (-1)/2. Calculate the greatest common factor of h and k.
8
Let x be -2 + (-2)/5*-3*315/2. Calculate the highest common 